{"id":27087,"date":"2025-05-16T13:21:55","date_gmt":"2025-05-16T13:21:55","guid":{"rendered":"https:\/\/www.ofismer.com\/?post_type=product&#038;p=27087"},"modified":"2026-02-09T14:15:40","modified_gmt":"2026-02-09T14:15:40","slug":"ritim-dolap","status":"publish","type":"product","link":"https:\/\/www.ofismer.com\/index.php\/urun\/ritim-dolap\/","title":{"rendered":"Ritim dolap"},"content":{"rendered":"<p><strong data-start=\"471\" data-end=\"486\">Ritim Dolap<\/strong>, ofis ortamlar\u0131 i\u00e7in \u00f6zel olarak tasarlanm\u0131\u015f fonksiyonel ve \u015f\u0131k bir depolama \u00fcnitesidir. Kaliteli malzeme kullan\u0131m\u0131 ve modern \u00e7izgileri ile ofisinizde profesyonel bir d\u00fczen sa\u011flar. Geni\u015f i\u00e7 hacmi sayesinde evrak ve dosyalar\u0131n\u0131z\u0131 kolayca organize etmenize imkan tan\u0131r. Ritim dolap, uzun \u00f6m\u00fcrl\u00fc yap\u0131s\u0131 ve estetik tasar\u0131m\u0131 ile ofisinize de\u011fer katar.<\/p>\n","protected":false},"excerpt":{"rendered":"<p>Ritim dolap, \u015f\u0131k ve modern tasar\u0131m\u0131yla ofisinizde d\u00fczen ve estetik sa\u011flar. Geni\u015f depolama alan\u0131 ve dayan\u0131kl\u0131 yap\u0131s\u0131yla uzun \u00f6m\u00fcrl\u00fc kullan\u0131m sunar.<\/p>\n","protected":false},"featured_media":230,"comment_status":"open","ping_status":"closed","template":"","meta":[],"product_brand":[],"product_cat":[248],"product_tag":[263],"class_list":{"0":"post-27087","1":"product","2":"type-product","3":"status-publish","4":"has-post-thumbnail","6":"product_cat-ofis-dolaplari","7":"product_tag-ritim-dolap","9":"first","10":"instock","11":"taxable","12":"shipping-taxable","13":"purchasable","14":"product-type-variable","15":"has-default-attributes"},"_links":{"self":[{"href":"https:\/\/www.ofismer.com\/index.php\/wp-json\/wp\/v2\/product\/27087","targetHints":{"allow":["GET"]}}],"collection":[{"href":"https:\/\/www.ofismer.com\/index.php\/wp-json\/wp\/v2\/product"}],"about":[{"href":"https:\/\/www.ofismer.com\/index.php\/wp-json\/wp\/v2\/types\/product"}],"replies":[{"embeddable":true,"href":"https:\/\/www.ofismer.com\/index.php\/wp-json\/wp\/v2\/comments?post=27087"}],"version-history":[{"count":0,"href":"https:\/\/www.ofismer.com\/index.php\/wp-json\/wp\/v2\/product\/27087\/revisions"}],"wp:featuredmedia":[{"embeddable":true,"href":"https:\/\/www.ofismer.com\/index.php\/wp-json\/wp\/v2\/media\/230"}],"wp:attachment":[{"href":"https:\/\/www.ofismer.com\/index.php\/wp-json\/wp\/v2\/media?parent=27087"}],"wp:term":[{"taxonomy":"product_brand","embeddable":true,"href":"https:\/\/www.ofismer.com\/index.php\/wp-json\/wp\/v2\/product_brand?post=27087"},{"taxonomy":"product_cat","embeddable":true,"href":"https:\/\/www.ofismer.com\/index.php\/wp-json\/wp\/v2\/product_cat?post=27087"},{"taxonomy":"product_tag","embeddable":true,"href":"https:\/\/www.ofismer.com\/index.php\/wp-json\/wp\/v2\/product_tag?post=27087"}],"curies":[{"name":"wp","href":"https:\/\/api.w.org\/{rel}","templated":true}]}}