{"id":27172,"date":"2025-05-17T08:45:36","date_gmt":"2025-05-17T08:45:36","guid":{"rendered":"https:\/\/www.ofismer.com\/?post_type=product&#038;p=27172"},"modified":"2026-02-09T14:11:01","modified_gmt":"2026-02-09T14:11:01","slug":"suit-dolap","status":"publish","type":"product","link":"https:\/\/www.ofismer.com\/index.php\/urun\/suit-dolap\/","title":{"rendered":"Suit dolap"},"content":{"rendered":"<p><strong data-start=\"459\" data-end=\"473\">Suit Dolap<\/strong>, ofisinizde \u015f\u0131kl\u0131\u011f\u0131 ve d\u00fczeni bir araya getiren modern bir depolama \u00fcnitesidir. Zarif tasar\u0131m\u0131, kaliteli malzeme yap\u0131s\u0131 ve geni\u015f depolama alan\u0131 sayesinde evrak ve ofis malzemelerinizi d\u00fczenli tutman\u0131za yard\u0131mc\u0131 olur. Dayan\u0131kl\u0131 yap\u0131s\u0131 sayesinde uzun s\u00fcreli kullan\u0131m sa\u011flar. <strong data-start=\"747\" data-end=\"761\">Suit dolap<\/strong>, hem g\u00f6rsel estetik arayanlara hem de i\u015flevsellik isteyenlere hitap eden ideal bir ofis \u00e7\u00f6z\u00fcm\u00fcd\u00fcr.<\/p>\n","protected":false},"excerpt":{"rendered":"<p>Suit dolap, modern ofisler i\u00e7in hem estetik hem de fonksiyonel bir depolama \u00e7\u00f6z\u00fcm\u00fcd\u00fcr. Geni\u015f i\u00e7 hacmiyle d\u00fczenli bir \u00e7al\u0131\u015fma alan\u0131 sunar.<\/p>\n","protected":false},"featured_media":249,"comment_status":"open","ping_status":"closed","template":"","meta":[],"product_brand":[],"product_cat":[248],"product_tag":[274],"class_list":{"0":"post-27172","1":"product","2":"type-product","3":"status-publish","4":"has-post-thumbnail","6":"product_cat-ofis-dolaplari","7":"product_tag-suit-dolap","9":"first","10":"instock","11":"taxable","12":"shipping-taxable","13":"purchasable","14":"product-type-variable"},"_links":{"self":[{"href":"https:\/\/www.ofismer.com\/index.php\/wp-json\/wp\/v2\/product\/27172","targetHints":{"allow":["GET"]}}],"collection":[{"href":"https:\/\/www.ofismer.com\/index.php\/wp-json\/wp\/v2\/product"}],"about":[{"href":"https:\/\/www.ofismer.com\/index.php\/wp-json\/wp\/v2\/types\/product"}],"replies":[{"embeddable":true,"href":"https:\/\/www.ofismer.com\/index.php\/wp-json\/wp\/v2\/comments?post=27172"}],"version-history":[{"count":0,"href":"https:\/\/www.ofismer.com\/index.php\/wp-json\/wp\/v2\/product\/27172\/revisions"}],"wp:featuredmedia":[{"embeddable":true,"href":"https:\/\/www.ofismer.com\/index.php\/wp-json\/wp\/v2\/media\/249"}],"wp:attachment":[{"href":"https:\/\/www.ofismer.com\/index.php\/wp-json\/wp\/v2\/media?parent=27172"}],"wp:term":[{"taxonomy":"product_brand","embeddable":true,"href":"https:\/\/www.ofismer.com\/index.php\/wp-json\/wp\/v2\/product_brand?post=27172"},{"taxonomy":"product_cat","embeddable":true,"href":"https:\/\/www.ofismer.com\/index.php\/wp-json\/wp\/v2\/product_cat?post=27172"},{"taxonomy":"product_tag","embeddable":true,"href":"https:\/\/www.ofismer.com\/index.php\/wp-json\/wp\/v2\/product_tag?post=27172"}],"curies":[{"name":"wp","href":"https:\/\/api.w.org\/{rel}","templated":true}]}}