{"id":27396,"date":"2025-05-19T08:07:49","date_gmt":"2025-05-19T08:07:49","guid":{"rendered":"https:\/\/www.ofismer.com\/?post_type=product&#038;p=27396"},"modified":"2026-02-09T13:57:27","modified_gmt":"2026-02-09T13:57:27","slug":"carine-toplanti-masasi","status":"publish","type":"product","link":"https:\/\/www.ofismer.com\/index.php\/urun\/carine-toplanti-masasi\/","title":{"rendered":"Carina toplant\u0131 masas\u0131"},"content":{"rendered":"<p><strong data-start=\"502\" data-end=\"528\">Carina Toplant\u0131 Masas\u0131<\/strong>, modern ofisler i\u00e7in tasarlanm\u0131\u015f \u015f\u0131k ve dayan\u0131kl\u0131 bir toplant\u0131 masas\u0131d\u0131r. Geni\u015f \u00e7al\u0131\u015fma alan\u0131 sunarak ekip toplant\u0131lar\u0131n\u0131zda rahatl\u0131k sa\u011flar. Kaliteli malzemelerden \u00fcretilmi\u015f olup, uzun \u00f6m\u00fcrl\u00fc kullan\u0131m imkan\u0131 verir. Estetik \u00e7izgileri ve fonksiyonel yap\u0131s\u0131yla ofis dekorasyonunuza profesyonel bir dokunu\u015f katar. Carina serisi ile uyumlu di\u011fer ofis mobilyalar\u0131yla birlikte kullan\u0131ld\u0131\u011f\u0131nda, \u00e7al\u0131\u015fma alan\u0131n\u0131zda uyum ve \u015f\u0131kl\u0131k yarat\u0131r.<\/p>\n","protected":false},"excerpt":{"rendered":"<p>Carina toplant\u0131 masas\u0131, \u015f\u0131k tasar\u0131m\u0131 ve sa\u011flam yap\u0131s\u0131yla ofis toplant\u0131lar\u0131n\u0131zda konfor ve verimlilik sa\u011flar. Estetik ve dayan\u0131kl\u0131 ofis mobilyas\u0131.<\/p>\n","protected":false},"featured_media":260,"comment_status":"open","ping_status":"closed","template":"","meta":[],"product_brand":[],"product_cat":[103],"product_tag":[325,324],"class_list":{"0":"post-27396","1":"product","2":"type-product","3":"status-publish","4":"has-post-thumbnail","6":"product_cat-toplanti-masalari","7":"product_tag-carina","8":"product_tag-toplanti-masasi","10":"first","11":"instock","12":"taxable","13":"shipping-taxable","14":"purchasable","15":"product-type-variable"},"_links":{"self":[{"href":"https:\/\/www.ofismer.com\/index.php\/wp-json\/wp\/v2\/product\/27396","targetHints":{"allow":["GET"]}}],"collection":[{"href":"https:\/\/www.ofismer.com\/index.php\/wp-json\/wp\/v2\/product"}],"about":[{"href":"https:\/\/www.ofismer.com\/index.php\/wp-json\/wp\/v2\/types\/product"}],"replies":[{"embeddable":true,"href":"https:\/\/www.ofismer.com\/index.php\/wp-json\/wp\/v2\/comments?post=27396"}],"version-history":[{"count":0,"href":"https:\/\/www.ofismer.com\/index.php\/wp-json\/wp\/v2\/product\/27396\/revisions"}],"wp:featuredmedia":[{"embeddable":true,"href":"https:\/\/www.ofismer.com\/index.php\/wp-json\/wp\/v2\/media\/260"}],"wp:attachment":[{"href":"https:\/\/www.ofismer.com\/index.php\/wp-json\/wp\/v2\/media?parent=27396"}],"wp:term":[{"taxonomy":"product_brand","embeddable":true,"href":"https:\/\/www.ofismer.com\/index.php\/wp-json\/wp\/v2\/product_brand?post=27396"},{"taxonomy":"product_cat","embeddable":true,"href":"https:\/\/www.ofismer.com\/index.php\/wp-json\/wp\/v2\/product_cat?post=27396"},{"taxonomy":"product_tag","embeddable":true,"href":"https:\/\/www.ofismer.com\/index.php\/wp-json\/wp\/v2\/product_tag?post=27396"}],"curies":[{"name":"wp","href":"https:\/\/api.w.org\/{rel}","templated":true}]}}